housands digit of 752639?
7
What is the millions digit of 10681644?
0
What is the hundred thousands digit of 11095184?
0
What is the ten thousands digit of 296560?
9
What is the ten thousands digit of 11176868?
7
What is the hundreds digit of 695600?
6
What is the ten thousands digit of 156454?
5
What is the hundred thousands digit of 291116?
2
What is the thousands digit of 1655381?
5
What is the tens digit of 12199?
9
What is the units digit of 2403017?
7
What is the tens digit of 1468786?
8
What is the thousands digit of 1380772?
0
What is the millions digit of 4982501?
4
What is the ten thousands digit of 1122978?
2
What is the hundred thousands digit of 1403398?
4
What is the ten thousands digit of 271711?
7
What is the thousands digit of 64026?
4
What is the hundreds digit of 5963097?
0
What is the hundreds digit of 975107?
1
What is the ten thousands digit of 240527?
4
What is the ten thousands digit of 691374?
9
What is the millions digit of 1498402?
1
What is the hundreds digit of 192229?
2
What is the thousands digit of 669443?
9
What is the ten thousands digit of 1659015?
5
What is the millions digit of 9087658?
9
What is the hundred thousands digit of 2156135?
1
What is the hundreds digit of 5070940?
9
What is the units digit of 2538821?
1
What is the ten thousands digit of 472636?
7
What is the hundred thousands digit of 3633597?
6
What is the ten thousands digit of 613353?
1
What is the millions digit of 17701697?
7
What is the units digit of 15619863?
3
What is the hundred thousands digit of 2754449?
7
What is the thousands digit of 4870634?
0
What is the hundred thousands digit of 598533?
5
What is the hundreds digit of 3163338?
3
What is the ten thousands digit of 24425072?
2
What is the tens digit of 1995897?
9
What is the hundreds digit of 3311596?
5
What is the thousands digit of 713066?
3
What is the hundred thousands digit of 3338032?
3
What is the thousands digit of 1317522?
7
What is the units digit of 296771?
1
What is the thousands digit of 755704?
5
What is the hundreds digit of 14747838?
8
What is the millions digit of 20551349?
0
What is the ten thousands digit of 7236833?
3
What is the thousands digit of 426620?
6
What is the tens digit of 1256562?
6
What is the tens digit of 1580839?
3
What is the thousands digit of 32790550?
0
What is the thousands digit of 220830?
0
What is the tens digit of 172615?
1
What is the units digit of 23262?
2
What is the hundreds digit of 122802?
8
What is the hundreds digit of 53944?
9
What is the thousands digit of 561395?
1
What is the ten thousands digit of 60341?
6
What is the units digit of 2976598?
8
What is the hundred thousands digit of 696391?
6
What is the hundreds digit of 3669688?
6
What is the hundreds digit of 9880778?
7
What is the ten thousands digit of 3122783?
2
What is the millions digit of 7582385?
7
What is the units digit of 510495?
5
What is the hundreds digit of 12520636?
6
What is the tens digit of 3366670?
7
What is the millions digit of 14166418?
4
What is the ten thousands digit of 4527365?
2
What is the tens digit of 2271526?
2
What is the units digit of 2773642?
2
What is the ten thousands digit of 238355?
3
What is the thousands digit of 2315457?
5
What is the hundred thousands digit of 4098721?
0
What is the ten thousands digit of 1634860?
3
What is the hundred thousands digit of 5426685?
4
What is the tens digit of 819844?
4
What is the ten thousands digit of 123948?
2
What is the units digit of 213746?
6
What is the tens digit of 763992?
9
What is the hundreds digit of 685653?
6
What is the units digit of 892182?
2
What is the hundred thousands digit of 683814?
6
What is the hundred thousands digit of 203055?
2
What is the hundreds digit of 1972815?
8
What is the units digit of 423311?
1
What is the thousands digit of 6393778?
3
What is the units digit of 313397?
7
What is the hundred thousands digit of 817002?
8
What is the ten thousands digit of 196617?
9
What is the tens digit of 191308?
0
What is the ten thousands digit of 2308883?
0
What is the thousands digit of 260368?
0
What is the thousands digit of 96268?
6
What is the tens digit of 918239?
3
What is the hundreds digit of 154555?
5
What is the thousands digit of 532831?
2
What is the ten thousands digit of 16596400?
9
What is the hundreds digit of 7821918?
9
What is the tens digit of 3442433?
3
What is the hundreds digit of 808510?
5
What is the hundred thousands digit of 816739?
8
What is the units digit of 390218?
8
What is the hundred thousands digit of 7370163?
3
What is the millions digit of 5742163?
5
What is the ten thousands digit of 150127?
5
What is the hundred thousands digit of 3458746?
4
What is the thousands digit of 6283266?
3
What is the hundreds digit of 46751?
7
What is the tens digit of 114371?
7
What is the hundred thousands digit of 16653724?
6
What is the hundreds digit of 40263?
2
What is the hundreds digit of 6270662?
6
What is the ten thousands digit of 489317?
8
What is the ten thousands digit of 132168?
3
What is the tens digit of 628685?
8
What is the units digit of 724861?
1
What is the ten thousands digit of 1305370?
0
What is the tens digit of 3854256?
5
What is the hundreds digit of 32857103?
1
What is the ten thousands digit of 26198723?
9
What is the hundreds digit of 2914092?
0
What is the hundreds digit of 83819?
8
What is the ten thousands digit of 1912565?
1
What is the thousands digit of 765696?
5
What is the units digit of 443911?
1
What is the hundreds digit of 363525?
5
What is the hundreds digit of 6767912?
9
What is the units digit of 349555?
5
What is the units digit of 6494243?
3
What is the ten thousands digit of 35078?
3
What is the hundreds digit of 301243?
2
What is the thousands digit of 13873431?
3
What is the tens digit of 419489?
8
What is the millions digit of 5600784?
5
What is the millions digit of 1150313?
1
What is the hundred thousands digit of 35386373?
3
What is the tens digit of 16910379?
7
What is the ten millions digit of 16436109?
1
What is the tens digit of 556047?
4
What is the hundred thousands digit of 216653?
2
What is the thousands digit of 2686957?
6
What is the ten thousands digit of 1390809?
9
What is the tens digit of 609934?
3
What is the ten thousands digit of 3187341?
8
What is the tens digit of 252104?
0
What is the hundreds digit of 794212?
2
What is the units digit of 5918?
8
What is the hundreds digit of 4453236?
2
What is the thousands digit of 7071230?
1
What is the thousands digit of 13737353?
7
What is the thousands digit of 45609?
5
What is the units digit of 352140?
0
What is the units digit of 133903?
3
What is the units digit of 14078025?
5
What is the hundred thousands digit of 421381?
4
What is the millions digit of 7471166?
7
What is the tens digit of 95059?
5
What is the ten thousands digit of 2576900?
7
What is the units digit of 660321?
1
What is the hundreds digit of 196429?
4
What is the ten thousands digit of 361179?
6
What is the thousands digit of 10873966?
3
What is the ten thousands digit of 12012299?
1
What is the thousands digit of 217402?
7
What is the hundreds digit of 265331?
3
What is the thousands digit of 245361?
5
What is the thousands digit of 588758?
8
What is the hundreds digit of 11932659?
6
What is the hundred thousands digit of 1743843?
7
What is the tens digit of 8209994?
9
What is the ten thousands digit of 6875143?
7
What is the hundred thousands digit of 735338?
7
What is the hundreds digit of 82173?
1
What is the thousands digit of 2599660?
9
What is the ten thousands digit of 177003?
7
What is the millions digit of 2464654?
2
What is the tens digit of 98770?
7
What is the millions digit of 6179476?
6
What is the ten millions digit of 15248221?
1
What is the ten thousands digit of 3228092?
2
What is the tens digit of 1736736?
3
What is the units digit of 228373?
3
What is the hundred thousands digit of 672294?
6
What is the thousands digit of 46468?
6
What is the units digit of 4416833?
3
What is the ten thousands digit of 1466150?
6
What is the thousands digit of 8777048?
7
What is the hundreds digit of 829395?
3
What is the hundred thousands digit of 8870627?
8
What is the tens digit of 681781?
8
What is the units digit of 54798?
8
What is the thousands digit o